 prime number?
True
Is 2248948423 a composite number?
False
Is 18253209371 prime?
False
Is 66142471033 composite?
False
Is 2412640781 composite?
False
Is 538637581 a composite number?
True
Is 2202323891 a prime number?
False
Is 18912313213 composite?
True
Is 6369204767 a composite number?
True
Is 205712581 prime?
True
Is 14185975493 composite?
True
Is 196524659 a prime number?
True
Is 103954476419 a prime number?
False
Is 80905221191 a composite number?
False
Is 2476513763 composite?
True
Is 16693312631 composite?
False
Is 180860657 prime?
True
Is 65025617 a prime number?
True
Is 1104433361 a prime number?
False
Is 3563367271 composite?
False
Is 437489587 a composite number?
False
Is 1654802161 composite?
False
Is 9102602263 a prime number?
True
Is 9263726237 a composite number?
True
Is 55184739229 a composite number?
False
Is 67914524329 composite?
False
Is 2976448273 a prime number?
True
Is 2067434773 prime?
True
Is 4786520617 a prime number?
True
Is 571893181 a prime number?
True
Is 36312959009 prime?
True
Is 33011438039 a prime number?
True
Is 12334832669 composite?
False
Is 32935883 composite?
True
Is 187384643 composite?
False
Is 7422787003 a composite number?
False
Is 8877409 prime?
True
Is 7836285731 a composite number?
False
Is 22274767007 a prime number?
True
Is 3576357913 composite?
False
Is 1815912187 a prime number?
True
Is 3591518297 composite?
False
Is 9231145753 composite?
True
Is 18746579531 a prime number?
True
Is 3375467219 composite?
False
Is 44372824297 a prime number?
False
Is 842831111 a prime number?
True
Is 35508721 prime?
True
Is 97095433 prime?
True
Is 15075579913 prime?
True
Is 149254537 a composite number?
False
Is 146443029 a prime number?
False
Is 645375221 composite?
True
Is 15456881761 a prime number?
False
Is 18504714617 a composite number?
False
Is 5282845483 composite?
True
Is 2151064373 a prime number?
True
Is 90065431477 a composite number?
True
Is 13724599457 composite?
False
Is 12999867131 composite?
False
Is 1080526801 composite?
True
Is 42609557 a composite number?
True
Is 65534701 prime?
False
Is 221371265 composite?
True
Is 2514840883 a composite number?
False
Is 10772869609 prime?
False
Is 2916196531 a composite number?
False
Is 2304541937 composite?
False
Is 83915826157 a composite number?
False
Is 561940529 prime?
True
Is 152377007 composite?
False
Is 63118880141 a prime number?
True
Is 475368679 prime?
False
Is 43813073 a composite number?
True
Is 3844312739 composite?
False
Is 66863418173 a prime number?
True
Is 148190507263 a composite number?
False
Is 39066840493 prime?
False
Is 746894453 prime?
False
Is 1569242266 a prime number?
False
Is 48069239 composite?
False
Is 38440896707 composite?
True
Is 24058486499 prime?
True
Is 14600669021 composite?
True
Is 2570836451 a prime number?
True
Is 466658249 prime?
True
Is 9630578333 a prime number?
True
Is 16065965731 composite?
False
Is 121303291 composite?
False
Is 47190971379 a prime number?
False
Is 21754641457 a composite number?
False
Is 12795401579 a prime number?
False
Is 4588264847 prime?
True
Is 6684111649 prime?
True
Is 1140271861 a prime number?
False
Is 936412469 composite?
False
Is 6188611207 prime?
False
Is 13236274901 a composite number?
True
Is 986088869 prime?
True
Is 154166477 a prime number?
False
Is 10211571277 composite?
False
Is 5696106667 a composite number?
False
Is 13705473391 a composite number?
True
Is 17520850517 prime?
True
Is 27274337443 composite?
False
Is 1171444331 composite?
True
Is 25214119877 a prime number?
True
Is 28666298477 a prime number?
False
Is 32532539659 prime?
False
Is 1946145599 a prime number?
True
Is 2031689783 composite?
False
Is 16009965869 a composite number?
True
Is 438328015 prime?
False
Is 289253822497 composite?
False
Is 1260983797 a prime number?
False
Is 3576342389 a prime number?
True
Is 14497619621 a prime number?
True
Is 10490036213 a composite number?
True
Is 9081384391 a composite number?
False
Is 2298550141 a prime number?
False
Is 4009914521 prime?
True
Is 159357571 a composite number?
False
Is 5016863219 prime?
True
Is 210085121 a prime number?
True
Is 15653574595 composite?
True
Is 14899325629 prime?
True
Is 36801792409 a composite number?
False
Is 84311949919 a prime number?
False
Is 58641070363 a prime number?
True
Is 23322324679 prime?
False
Is 6375405761 prime?
True
Is 1278712601 composite?
True
Is 262640797 a composite number?
True
Is 354116981 prime?
False
Is 374482937 prime?
False
Is 4293023941 prime?
False
Is 1712392631 composite?
False
Is 2123210823 composite?
True
Is 16029244331 composite?
False
Is 12627173783 a composite number?
True
Is 14661784139 composite?
True
Is 2497877879 a prime number?
False
Is 23363643619 a prime number?
False
Is 3130444979 a composite number?
True
Is 2906149349 a composite number?
True
Is 21174940207 composite?
True
Is 515886751 prime?
False
Is 588148921 composite?
False
Is 521804603 prime?
False
Is 4541575951 prime?
False
Is 14416082657 a prime number?
True
Is 1983425854 prime?
False
Is 17709131926 prime?
False
Is 3142085279 a prime number?
True
Is 296389807 a composite number?
True
Is 367159475783 prime?
True
Is 1756360537 a composite number?
True
Is 22796302081 prime?
False
Is 2912228131 composite?
True
Is 9162151093 a prime number?
True
Is 54151243 prime?
True
Is 33288234986 composite?
True
Is 2613718379 a prime number?
True
Is 7835397811 prime?
False
Is 50970008923 prime?
False
Is 130831154207 prime?
False
Is 3541869113 a prime number?
False
Is 6933790573 prime?
False
Is 15121737823 composite?
False
Is 270925607 composite?
False
Is 67856534293 prime?
True
Is 4513897901 a composite number?
False
Is 635601347 composite?
True
Is 885789049 composite?
True
Is 7215376037 a prime number?
True
Is 523747667 composite?
False
Is 857230043 a composite number?
True
Is 753955787 composite?
True
Is 18043125539 composite?
False
Is 2829086837 a composite number?
False
Is 19974338273 prime?
True
Is 477141953 a composite number?
False
Is 7657133347 a composite number?
False
Is 4159095911 a prime number?
False
Is 36076867 composite?
True
Is 55728530873 a composite number?
True
Is 13981397371 a prime number?
True
Is 663893617 composite?
False
Is 1452342119 prime?
True
Is 6437380267 a composite number?
True
Is 3841277889 a prime number?
False
Is 10877494561 a composite number?
True
Is 3829590651 a composite number?
True
Is 125289030587 composite?
True
Is 23534286131 composite?
False
Is 752476277 composite?
True
Is 44714018989 prime?
False
Is 3899798437 a composite number?
False
Is 3753575437 a prime number?
True
Is 62628514801 a composite number?
True
Is 51190241027 composite?
False
Is 43438103573 a composite number?
False
Is 47129417 a composite number?
False
Is 26345844701 composite?
True
Is 20125265623 prime?
False
Is 2163108017 a prime number?
False
Is 135349696045 a prime number?
False
Is 3912559409 a composite number?
True
Is 23824454479 a prime number?
False
Is 134408345147 a composite number?
False
Is 665014037 a composite number?
True
Is 22044791 a prime number?
True
Is 411506538409 prime?
True
Is 320612093 composite?
False
Is 7963513067 a prime number?
True
Is 7078648663 prime?
True
Is 1314018841 prime?
True
Is 4109289857 composite?
False
Is 722896949 prime?
False
Is 234726461 prime?
False
Is 141216569495 a composite number?
True
Is 53710667229 composite?
True
Is 400277863721 prime?
False
Is 12644378701 prime?
False
Is 305091884233 composite?
False
Is 1468524721 prime?
False
Is 958614299 composite?
False
Is 1161477157 composite?
False
Is 1206192203 prime?
True
Is 867679751 prime?
False
Is 337435321 prime?
False
Is 17743442109 a prime number?
False
Is 31000498897 prime?
True
Is 48634340837 prime?
False
Is 31485078577 prime?
True
Is 3856315327 composite?
True
Is 2043642949 a prime number?
False
Is 95812487113 composite?
True
Is 172140893191 a composite number?
False
Is 706024313 composite?
False
Is 8624033317 prime?
False
Is 77752922483 a prime number?
True
Is 12479419 a prime number?
False
Is 515073341 a composite number?
False
Is 236948969 prime?
True
Is 60181222349 a composite number?
True
Is 487879883 prime?
True
Is 997345693 a composite number?
True
Is 2408997706 a composite number?
True
Is 415388417 prime?
True
Is 2989246033 prime?
False
Is 202